{"id":15,"date":"2010-01-07T21:37:56","date_gmt":"2010-01-07T19:37:56","guid":{"rendered":"http:\/\/www.maryon.ch\/home\/?page_id=13"},"modified":"2026-01-18T02:48:16","modified_gmt":"2026-01-18T01:48:16","slug":"prosthodontics","status":"publish","type":"page","link":"https:\/\/www.zahnaerzte-am-nollendorfplatz.de\/practice\/services\/prosthodontics\/","title":{"rendered":"Zahnersatz"},"content":{"rendered":"<p><\/p>\n<h2>Kein Grund, Ihr Lachen zu verstecken<\/h2>\n<p>Sind einer, mehrere oder sogar alle\u00a0Z\u00e4hne\u00a0verloren gegangen oder haben Z\u00e4hne an Substanz verloren, kann Zahnersatz diese L\u00fccken oder Defekte kompetent ersetzen. Dieser soll dabei die nat\u00fcrliche Funktion und \u00c4sthetik des Gebisses wieder herstellen.<\/p>\n<h2>Individuell in Farbe und Form<\/h2>\n<p>Durch individuelle Bestimmung Ihrer Zahnform und -farbe kann Zahnersatz heute naturgetreu nachgebildet werden, so dass er von Ihren nat\u00fcrlichen Z\u00e4hnen kaum zu unterscheiden ist.<\/p>\n<h2>Moderne Vielfalt<\/h2>\n<p>Wir bieten Ihnen individuelle M\u00f6glichkeiten modernster prothetischer Versorgungen:<\/p>\n<ul>\n<li>Inlays<\/li>\n<li>Veneers<\/li>\n<li>Teilkronen<\/li>\n<li>Kronen<\/li>\n<li>Br\u00fccken<\/li>\n<li>Teilprothesen<\/li>\n<\/ul>\n<h2>Gro\u00dfe Erwartungen<\/h2>\n<p>Ihr Zahnersatz, der unseren Qualit\u00e4tsanspr\u00fcchen gen\u00fcgt, muss dabei hohen Kaukomfort sichern, belastbar, langlebig und widerstandsf\u00e4hig sein. Au\u00dferdem sollte er eine hohe biologische Vertr\u00e4glichkeit aufweisen und m\u00f6glichst nat\u00fcrlich aussehen, damit Sie sich wohlf\u00fchlen. Bei der Herstellung Ihres neuen Zahnersatzes vertrauen wir seit vielen Jahren und Jahrzehnten auf die Pr\u00e4zision meistergef\u00fchrter Dentallabore, in denen erfahrene Zahntechniker\/innen Ihr neues L\u00e4cheln schaffen.<\/p>","protected":false},"excerpt":{"rendered":"<p>Kein Grund, Ihr Lachen zu verstecken Sind einer, mehrere oder sogar alle\u00a0Z\u00e4hne\u00a0verloren gegangen oder haben Z\u00e4hne an Substanz verloren, kann Zahnersatz diese L\u00fccken oder Defekte kompetent ersetzen. Dieser soll dabei die nat\u00fcrliche Funktion und \u00c4sthetik des Gebisses wieder herstellen. Individuell in Farbe und Form Durch individuelle Bestimmung Ihrer Zahnform und -farbe kann Zahnersatz heute naturgetreu [&hellip;]<\/p>\n","protected":false},"author":1,"featured_media":0,"parent":21,"menu_order":5,"comment_status":"closed","ping_status":"closed","template":"services.php","meta":[],"yoast_head":"<!-- This site is optimized with the Yoast SEO plugin v19.14 - https:\/\/yoast.com\/wordpress\/plugins\/seo\/ -->\n<title>Zahnersatz - Zahn\u00e4rzte am Nollendorfplatz<\/title>\n<meta name=\"description\" content=\"Durch individuelle Bestimmung Ihrer Zahnform und -farbe kann Zahnersatz heute naturgetreu nachgebildet werden, so dass er von Ihren nat\u00fcrlichen Z\u00e4hnen kaum zu unterscheiden ist. Ihr Zahnersatz, der unseren Qualit\u00e4tsanspr\u00fcchen gen\u00fcgt, muss dabei hohen Kaukomfort sichern, belastbar, langlebig und widerstandsf\u00e4hig sein. Au\u00dferdem sollte er eine hohe biologische Vertr\u00e4glichkeit aufweisen und m\u00f6glichst nat\u00fcrlich aussehen, damit Sie sich wohlf\u00fchlen. Bei der Herstellung Ihres neuen Zahnersatzes vertrauen wir seit vielen Jahren und Jahrzehnten auf die Pr\u00e4zision meistergef\u00fchrter Dentallabore, in denen erfahrene Zahntechniker\/innen Ihr neues L\u00e4cheln schaffen.\" \/>\n<meta name=\"robots\" content=\"index, follow, max-snippet:-1, max-image-preview:large, max-video-preview:-1\" \/>\n<link rel=\"canonical\" href=\"https:\/\/www.zahnaerzte-am-nollendorfplatz.de\/practice\/services\/prosthodontics\/\" \/>\n<meta property=\"og:locale\" content=\"de_DE\" \/>\n<meta property=\"og:type\" content=\"article\" \/>\n<meta property=\"og:title\" content=\"Zahnersatz - Zahn\u00e4rzte am Nollendorfplatz\" \/>\n<meta property=\"og:description\" content=\"{:de}Durch individuelle Bestimmung Ihrer Zahnform und -farbe kann Zahnersatz heute naturgetreu nachgebildet werden, so dass er von Ihren nat\u00fcrlichen Z\u00e4hnen kaum zu unterscheiden ist. Ihr Zahnersatz, der unseren Qualit\u00e4tsanspr\u00fcchen gen\u00fcgt, muss dabei hohen Kaukomfort sichern, belastbar, langlebig und widerstandsf\u00e4hig sein. Au\u00dferdem sollte er eine hohe biologische Vertr\u00e4glichkeit aufweisen und m\u00f6glichst nat\u00fcrlich aussehen, damit Sie sich wohlf\u00fchlen. Bei der Herstellung Ihres neuen Zahnersatzes vertrauen wir seit vielen Jahren und Jahrzehnten auf die Pr\u00e4zision meistergef\u00fchrter Dentallabore, in denen erfahrene Zahntechniker\/innen Ihr neues L\u00e4cheln schaffen.{:en}The growing range of innovative materials and advanced technologies makes it possible to cater to all needs in regard to fillings and dentures. Z\u00e4hn\u00e4rzte am Nollendorfplatz offer you state-of-the-art solutions providing maximum quality and comfort. We know your dentures must match the performance of the natural teeth they replace. Thanks to the possibilities of individual form and coloration, teeth can be restored or reproduced to look natural. Listed below are just a few applications in which tooth-coloured materials can be adapted to individual optical and physical requirements:{:}\" \/>\n<meta property=\"og:url\" content=\"https:\/\/www.zahnaerzte-am-nollendorfplatz.de\/practice\/services\/prosthodontics\/\" \/>\n<meta property=\"og:site_name\" content=\"Zahn\u00e4rzte am Nollendorfplatz\" \/>\n<meta property=\"article:modified_time\" content=\"2026-01-18T01:48:16+00:00\" \/>\n<meta name=\"twitter:card\" content=\"summary_large_image\" \/>\n<meta name=\"twitter:label1\" content=\"Gesch\u00e4tzte Lesezeit\" \/>\n\t<meta name=\"twitter:data1\" content=\"3\u00a0Minuten\" \/>\n<script type=\"application\/ld+json\" class=\"yoast-schema-graph\">{\"@context\":\"https:\/\/schema.org\",\"@graph\":[{\"@type\":\"WebPage\",\"@id\":\"https:\/\/www.zahnaerzte-am-nollendorfplatz.de\/practice\/services\/prosthodontics\/\",\"url\":\"https:\/\/www.zahnaerzte-am-nollendorfplatz.de\/practice\/services\/prosthodontics\/\",\"name\":\"Zahnersatz - Zahn\u00e4rzte am Nollendorfplatz\",\"isPartOf\":{\"@id\":\"https:\/\/www.zahnaerzte-am-nollendorfplatz.de\/practice\/#website\"},\"datePublished\":\"2010-01-07T19:37:56+00:00\",\"dateModified\":\"2026-01-18T01:48:16+00:00\",\"description\":\"{:de}Durch individuelle Bestimmung Ihrer Zahnform und -farbe kann Zahnersatz heute naturgetreu nachgebildet werden, so dass er von Ihren nat\u00fcrlichen Z\u00e4hnen kaum zu unterscheiden ist. Ihr Zahnersatz, der unseren Qualit\u00e4tsanspr\u00fcchen gen\u00fcgt, muss dabei hohen Kaukomfort sichern, belastbar, langlebig und widerstandsf\u00e4hig sein. Au\u00dferdem sollte er eine hohe biologische Vertr\u00e4glichkeit aufweisen und m\u00f6glichst nat\u00fcrlich aussehen, damit Sie sich wohlf\u00fchlen. Bei der Herstellung Ihres neuen Zahnersatzes vertrauen wir seit vielen Jahren und Jahrzehnten auf die Pr\u00e4zision meistergef\u00fchrter Dentallabore, in denen erfahrene Zahntechniker\/innen Ihr neues L\u00e4cheln schaffen.{:en}The growing range of innovative materials and advanced technologies makes it possible to cater to all needs in regard to fillings and dentures. Z\u00e4hn\u00e4rzte am Nollendorfplatz offer you state-of-the-art solutions providing maximum quality and comfort. We know your dentures must match the performance of the natural teeth they replace. Thanks to the possibilities of individual form and coloration, teeth can be restored or reproduced to look natural. Listed below are just a few applications in which tooth-coloured materials can be adapted to individual optical and physical requirements:{:}\",\"breadcrumb\":{\"@id\":\"https:\/\/www.zahnaerzte-am-nollendorfplatz.de\/practice\/services\/prosthodontics\/#breadcrumb\"},\"inLanguage\":\"de\",\"potentialAction\":[{\"@type\":\"ReadAction\",\"target\":[\"https:\/\/www.zahnaerzte-am-nollendorfplatz.de\/practice\/services\/prosthodontics\/\"]}]},{\"@type\":\"BreadcrumbList\",\"@id\":\"https:\/\/www.zahnaerzte-am-nollendorfplatz.de\/practice\/services\/prosthodontics\/#breadcrumb\",\"itemListElement\":[{\"@type\":\"ListItem\",\"position\":1,\"name\":\"Startseite\",\"item\":\"https:\/\/www.zahnaerzte-am-nollendorfplatz.de\/practice\/\"},{\"@type\":\"ListItem\",\"position\":2,\"name\":\"Leistungen\",\"item\":\"https:\/\/www.zahnaerzte-am-nollendorfplatz.de\/practice\/services\/\"},{\"@type\":\"ListItem\",\"position\":3,\"name\":\"Zahnersatz\"}]},{\"@type\":\"WebSite\",\"@id\":\"https:\/\/www.zahnaerzte-am-nollendorfplatz.de\/practice\/#website\",\"url\":\"https:\/\/www.zahnaerzte-am-nollendorfplatz.de\/practice\/\",\"name\":\"Zahn\u00e4rzte am Nollendorfplatz\",\"description\":\"Berlin-Sch\u00f6neberg\",\"publisher\":{\"@id\":\"https:\/\/www.zahnaerzte-am-nollendorfplatz.de\/practice\/#organization\"},\"potentialAction\":[{\"@type\":\"SearchAction\",\"target\":{\"@type\":\"EntryPoint\",\"urlTemplate\":\"https:\/\/www.zahnaerzte-am-nollendorfplatz.de\/practice\/?s={search_term_string}\"},\"query-input\":\"required name=search_term_string\"}],\"inLanguage\":\"de\"},{\"@type\":\"Organization\",\"@id\":\"https:\/\/www.zahnaerzte-am-nollendorfplatz.de\/practice\/#organization\",\"name\":\"Zahn\u00e4rzte am Nollendorfplatz\",\"url\":\"https:\/\/www.zahnaerzte-am-nollendorfplatz.de\/practice\/\",\"logo\":{\"@type\":\"ImageObject\",\"inLanguage\":\"de\",\"@id\":\"https:\/\/www.zahnaerzte-am-nollendorfplatz.de\/practice\/#\/schema\/logo\/image\/\",\"url\":\"https:\/\/www.zahnaerzte-am-nollendorfplatz.de\/practice\/wp-content\/uploads\/Logo-solo.png\",\"contentUrl\":\"https:\/\/www.zahnaerzte-am-nollendorfplatz.de\/practice\/wp-content\/uploads\/Logo-solo.png\",\"width\":630,\"height\":230,\"caption\":\"Zahn\u00e4rzte am Nollendorfplatz\"},\"image\":{\"@id\":\"https:\/\/www.zahnaerzte-am-nollendorfplatz.de\/practice\/#\/schema\/logo\/image\/\"}}]}<\/script>\n<!-- \/ Yoast SEO plugin. -->","yoast_head_json":{"title":"Zahnersatz - Zahn\u00e4rzte am Nollendorfplatz","description":"Durch individuelle Bestimmung Ihrer Zahnform und -farbe kann Zahnersatz heute naturgetreu nachgebildet werden, so dass er von Ihren nat\u00fcrlichen Z\u00e4hnen kaum zu unterscheiden ist. Ihr Zahnersatz, der unseren Qualit\u00e4tsanspr\u00fcchen gen\u00fcgt, muss dabei hohen Kaukomfort sichern, belastbar, langlebig und widerstandsf\u00e4hig sein. Au\u00dferdem sollte er eine hohe biologische Vertr\u00e4glichkeit aufweisen und m\u00f6glichst nat\u00fcrlich aussehen, damit Sie sich wohlf\u00fchlen. Bei der Herstellung Ihres neuen Zahnersatzes vertrauen wir seit vielen Jahren und Jahrzehnten auf die Pr\u00e4zision meistergef\u00fchrter Dentallabore, in denen erfahrene Zahntechniker\/innen Ihr neues L\u00e4cheln schaffen.","robots":{"index":"index","follow":"follow","max-snippet":"max-snippet:-1","max-image-preview":"max-image-preview:large","max-video-preview":"max-video-preview:-1"},"canonical":"https:\/\/www.zahnaerzte-am-nollendorfplatz.de\/practice\/services\/prosthodontics\/","og_locale":"de_DE","og_type":"article","og_title":"Zahnersatz - Zahn\u00e4rzte am Nollendorfplatz","og_description":"{:de}Durch individuelle Bestimmung Ihrer Zahnform und -farbe kann Zahnersatz heute naturgetreu nachgebildet werden, so dass er von Ihren nat\u00fcrlichen Z\u00e4hnen kaum zu unterscheiden ist. Ihr Zahnersatz, der unseren Qualit\u00e4tsanspr\u00fcchen gen\u00fcgt, muss dabei hohen Kaukomfort sichern, belastbar, langlebig und widerstandsf\u00e4hig sein. Au\u00dferdem sollte er eine hohe biologische Vertr\u00e4glichkeit aufweisen und m\u00f6glichst nat\u00fcrlich aussehen, damit Sie sich wohlf\u00fchlen. Bei der Herstellung Ihres neuen Zahnersatzes vertrauen wir seit vielen Jahren und Jahrzehnten auf die Pr\u00e4zision meistergef\u00fchrter Dentallabore, in denen erfahrene Zahntechniker\/innen Ihr neues L\u00e4cheln schaffen.{:en}The growing range of innovative materials and advanced technologies makes it possible to cater to all needs in regard to fillings and dentures. Z\u00e4hn\u00e4rzte am Nollendorfplatz offer you state-of-the-art solutions providing maximum quality and comfort. We know your dentures must match the performance of the natural teeth they replace. Thanks to the possibilities of individual form and coloration, teeth can be restored or reproduced to look natural. Listed below are just a few applications in which tooth-coloured materials can be adapted to individual optical and physical requirements:{:}","og_url":"https:\/\/www.zahnaerzte-am-nollendorfplatz.de\/practice\/services\/prosthodontics\/","og_site_name":"Zahn\u00e4rzte am Nollendorfplatz","article_modified_time":"2026-01-18T01:48:16+00:00","twitter_card":"summary_large_image","twitter_misc":{"Gesch\u00e4tzte Lesezeit":"3\u00a0Minuten"},"schema":{"@context":"https:\/\/schema.org","@graph":[{"@type":"WebPage","@id":"https:\/\/www.zahnaerzte-am-nollendorfplatz.de\/practice\/services\/prosthodontics\/","url":"https:\/\/www.zahnaerzte-am-nollendorfplatz.de\/practice\/services\/prosthodontics\/","name":"Zahnersatz - Zahn\u00e4rzte am Nollendorfplatz","isPartOf":{"@id":"https:\/\/www.zahnaerzte-am-nollendorfplatz.de\/practice\/#website"},"datePublished":"2010-01-07T19:37:56+00:00","dateModified":"2026-01-18T01:48:16+00:00","description":"{:de}Durch individuelle Bestimmung Ihrer Zahnform und -farbe kann Zahnersatz heute naturgetreu nachgebildet werden, so dass er von Ihren nat\u00fcrlichen Z\u00e4hnen kaum zu unterscheiden ist. Ihr Zahnersatz, der unseren Qualit\u00e4tsanspr\u00fcchen gen\u00fcgt, muss dabei hohen Kaukomfort sichern, belastbar, langlebig und widerstandsf\u00e4hig sein. Au\u00dferdem sollte er eine hohe biologische Vertr\u00e4glichkeit aufweisen und m\u00f6glichst nat\u00fcrlich aussehen, damit Sie sich wohlf\u00fchlen. Bei der Herstellung Ihres neuen Zahnersatzes vertrauen wir seit vielen Jahren und Jahrzehnten auf die Pr\u00e4zision meistergef\u00fchrter Dentallabore, in denen erfahrene Zahntechniker\/innen Ihr neues L\u00e4cheln schaffen.{:en}The growing range of innovative materials and advanced technologies makes it possible to cater to all needs in regard to fillings and dentures. Z\u00e4hn\u00e4rzte am Nollendorfplatz offer you state-of-the-art solutions providing maximum quality and comfort. We know your dentures must match the performance of the natural teeth they replace. Thanks to the possibilities of individual form and coloration, teeth can be restored or reproduced to look natural. Listed below are just a few applications in which tooth-coloured materials can be adapted to individual optical and physical requirements:{:}","breadcrumb":{"@id":"https:\/\/www.zahnaerzte-am-nollendorfplatz.de\/practice\/services\/prosthodontics\/#breadcrumb"},"inLanguage":"de","potentialAction":[{"@type":"ReadAction","target":["https:\/\/www.zahnaerzte-am-nollendorfplatz.de\/practice\/services\/prosthodontics\/"]}]},{"@type":"BreadcrumbList","@id":"https:\/\/www.zahnaerzte-am-nollendorfplatz.de\/practice\/services\/prosthodontics\/#breadcrumb","itemListElement":[{"@type":"ListItem","position":1,"name":"Startseite","item":"https:\/\/www.zahnaerzte-am-nollendorfplatz.de\/practice\/"},{"@type":"ListItem","position":2,"name":"Leistungen","item":"https:\/\/www.zahnaerzte-am-nollendorfplatz.de\/practice\/services\/"},{"@type":"ListItem","position":3,"name":"Zahnersatz"}]},{"@type":"WebSite","@id":"https:\/\/www.zahnaerzte-am-nollendorfplatz.de\/practice\/#website","url":"https:\/\/www.zahnaerzte-am-nollendorfplatz.de\/practice\/","name":"Zahn\u00e4rzte am Nollendorfplatz","description":"Berlin-Sch\u00f6neberg","publisher":{"@id":"https:\/\/www.zahnaerzte-am-nollendorfplatz.de\/practice\/#organization"},"potentialAction":[{"@type":"SearchAction","target":{"@type":"EntryPoint","urlTemplate":"https:\/\/www.zahnaerzte-am-nollendorfplatz.de\/practice\/?s={search_term_string}"},"query-input":"required name=search_term_string"}],"inLanguage":"de"},{"@type":"Organization","@id":"https:\/\/www.zahnaerzte-am-nollendorfplatz.de\/practice\/#organization","name":"Zahn\u00e4rzte am Nollendorfplatz","url":"https:\/\/www.zahnaerzte-am-nollendorfplatz.de\/practice\/","logo":{"@type":"ImageObject","inLanguage":"de","@id":"https:\/\/www.zahnaerzte-am-nollendorfplatz.de\/practice\/#\/schema\/logo\/image\/","url":"https:\/\/www.zahnaerzte-am-nollendorfplatz.de\/practice\/wp-content\/uploads\/Logo-solo.png","contentUrl":"https:\/\/www.zahnaerzte-am-nollendorfplatz.de\/practice\/wp-content\/uploads\/Logo-solo.png","width":630,"height":230,"caption":"Zahn\u00e4rzte am Nollendorfplatz"},"image":{"@id":"https:\/\/www.zahnaerzte-am-nollendorfplatz.de\/practice\/#\/schema\/logo\/image\/"}}]}},"_links":{"self":[{"href":"https:\/\/www.zahnaerzte-am-nollendorfplatz.de\/practice\/wp-json\/wp\/v2\/pages\/15"}],"collection":[{"href":"https:\/\/www.zahnaerzte-am-nollendorfplatz.de\/practice\/wp-json\/wp\/v2\/pages"}],"about":[{"href":"https:\/\/www.zahnaerzte-am-nollendorfplatz.de\/practice\/wp-json\/wp\/v2\/types\/page"}],"author":[{"embeddable":true,"href":"https:\/\/www.zahnaerzte-am-nollendorfplatz.de\/practice\/wp-json\/wp\/v2\/users\/1"}],"replies":[{"embeddable":true,"href":"https:\/\/www.zahnaerzte-am-nollendorfplatz.de\/practice\/wp-json\/wp\/v2\/comments?post=15"}],"version-history":[{"count":19,"href":"https:\/\/www.zahnaerzte-am-nollendorfplatz.de\/practice\/wp-json\/wp\/v2\/pages\/15\/revisions"}],"predecessor-version":[{"id":5608,"href":"https:\/\/www.zahnaerzte-am-nollendorfplatz.de\/practice\/wp-json\/wp\/v2\/pages\/15\/revisions\/5608"}],"up":[{"embeddable":true,"href":"https:\/\/www.zahnaerzte-am-nollendorfplatz.de\/practice\/wp-json\/wp\/v2\/pages\/21"}],"wp:attachment":[{"href":"https:\/\/www.zahnaerzte-am-nollendorfplatz.de\/practice\/wp-json\/wp\/v2\/media?parent=15"}],"curies":[{"name":"wp","href":"https:\/\/api.w.org\/{rel}","templated":true}]}}