{"id":16,"date":"2010-01-07T21:38:36","date_gmt":"2010-01-07T20:38:36","guid":{"rendered":"http:\/\/www.maryon.ch\/home\/?page_id=15"},"modified":"2026-01-18T02:56:53","modified_gmt":"2026-01-18T01:56:53","slug":"implants","status":"publish","type":"page","link":"https:\/\/www.zahnaerzte-am-nollendorfplatz.de\/practice\/services\/implants\/","title":{"rendered":"Implantate"},"content":{"rendered":"<p><\/p>\n<h2>Warum ein Implantat?<\/h2>\n<p>Implantate haben sich weltweit millionenfach bew\u00e4hrt. Sie erm\u00f6glichen die optimale Wiederherstellung der nat\u00fcrlichen Gebissverh\u00e4ltnisse \u2013 ganz gleich, ob Sie nur einen oder mehrere Z\u00e4hne verloren haben. Selbst schwierige Ausgangssituationen wie totale Zahnlosigkeit lassen sich mit Implantaten optimal versorgen.<\/p>\n<h2>Was ist ein Implantat?<\/h2>\n<p>Ein Implantat ist eine k\u00fcnstliche Zahnwurzel, die operativ in den Kieferknochen eingesetzt wird. Dort verw\u00e4chst das Implantat mit dem Knochen und bietet dem darauf angebrachten Zahnersatz einen festen Sitz. Implantate sind meist aus Titan, einem k\u00f6rpervertr\u00e4glichen Metall. Je nachdem, wie viele Z\u00e4hne fehlen, k\u00f6nnen auf Implantaten Einzelkronen, Br\u00fccken oder Prothesen getragen werden.<\/p>\n<h2>Wie ist der genaue Implantationsablauf?<\/h2>\n<p>In der Regel ist Zahnersatz auf Implantaten die eleganteste L\u00f6sung, um fehlende Z\u00e4hne zu ersetzen. Dabei wird das Implantat unter Lokalan\u00e4sthesie in den Kieferknochen eingesetzt. W\u00e4hrend der Einheilphase, die in der Regel 3-6 Monate betr\u00e4gt, tragen Sie einen provisorischen Zahnersatz. Nachdem das Implantat fest mit dem Kieferknochen verwachsen ist, wird der definitive Zahnersatz auf dem Implantat gefertigt.<\/p>\n<h2>Wie sind die Voraussetzungen f\u00fcr ein Implantat?<\/h2>\n<p>Implantate brauchen gen\u00fcgend gesunde Knochensubstanz, um fest und dauerhaft mit dem Kieferknochen verwachsen zu k\u00f6nnen. Sollte f\u00fcr eine Implantation zu wenig Knochen vorhanden sein, kann dieser durch das Einbringen von Knochenersatzmaterial wieder aufgebaut werden. Auch hier bedarf es einer Heilungsphase. Ist danach gen\u00fcgend Kieferknochen vorhanden, k\u00f6nnen die Implantate gesetzt werden.<\/p>\n<h2>Risikiofaktoren Parodontitis und Rauchen<\/h2>\n<p>Eine Parodontitis ist nicht zwingend ein Ausschlusskriterium f\u00fcr Implantate. Solange Ihr Zahnfleisch entz\u00fcndungsfrei und der Zustand \u00fcber l\u00e4ngere Zeit stabil ist, k\u00f6nnen auch Implantate gesetzt werden. Es besteht jedoch ein erh\u00f6htes Risiko, eine Periimplantitis zu entwickeln, also eine Entz\u00fcndung der implantatumgebenen Strukturen, die mit Knochenabbau einhergeht.<\/p>\n<p>Starken Rauchern empfehlen wir keine Implantate, da es laut wissenschaftlicher Studien zu einer signifikant schlechteren Implantateinheilung und h\u00e4ufiger zu Implantatverlust kommen kann.<\/p>\n<h2>Welche Vorteile bieten Implantate?<\/h2>\n<p>Geht ein Zahn verloren, bildet sich an dieser Stelle der Kieferknochen zur\u00fcck, da dort keine Kaubelastung mehr erfolgt. Mit einem Implantat kann dem entgegengewirkt werden. Mit jeder Kaubewegung wird der lokale Knochen stimuliert und kann somit stabil erhalten werden.<br \/>\nWird eine L\u00fccke mit einem Implantat versorgt, m\u00fcssen f\u00fcr den Zahnersatz keine Nachbarz\u00e4hne beschliffen werden, wie dies bei konventionellen Br\u00fccken der Fall ist. Vielfach kann auch auf herausnehmbare Prothesen verzichtet werden.<\/p>\n<h2>Wer setzt das Implantat?<\/h2>\n<p>Die Implantation erfolgt entweder bei uns in der Praxis oder in einer unserer kompetenten chirurgischen Partnerpraxen.<\/p>\n<p>Interessieren auch Sie sich f\u00fcr Implantate? Wir beraten Sie gerne ausf\u00fchrlich zu diesem Thema.<\/p>","protected":false},"excerpt":{"rendered":"<p>Warum ein Implantat? Implantate haben sich weltweit millionenfach bew\u00e4hrt. Sie erm\u00f6glichen die optimale Wiederherstellung der nat\u00fcrlichen Gebissverh\u00e4ltnisse \u2013 ganz gleich, ob Sie nur einen oder mehrere Z\u00e4hne verloren haben. Selbst schwierige Ausgangssituationen wie totale Zahnlosigkeit lassen sich mit Implantaten optimal versorgen. Was ist ein Implantat? Ein Implantat ist eine k\u00fcnstliche Zahnwurzel, die operativ in den [&hellip;]<\/p>\n","protected":false},"author":1,"featured_media":0,"parent":21,"menu_order":6,"comment_status":"closed","ping_status":"closed","template":"services.php","meta":[],"yoast_head":"<!-- This site is optimized with the Yoast SEO plugin v19.14 - https:\/\/yoast.com\/wordpress\/plugins\/seo\/ -->\n<title>Implantate - Zahn\u00e4rzte am Nollendorfplatz<\/title>\n<meta name=\"description\" content=\"Geht ein Zahn verloren, bildet sich an dieser Stelle der Kieferknochen zur\u00fcck, da dort keine Kaubelastung mehr erfolgt. Mit einem Implantat kann dem entgegengewirkt werden. Mit jeder Kaubewegung wird der lokale Knochen stimuliert und kann somit stabil erhalten werden.Wird eine L\u00fccke mit einem Implantat versorgt, m\u00fcssen f\u00fcr den Zahnersatz keine Nachbarz\u00e4hne beschliffen werden, wie dies bei konventionellen Br\u00fccken der Fall ist. Vielfach kann auch auf herausnehmbare Prothesen verzichtet werden.\" \/>\n<meta name=\"robots\" content=\"index, follow, max-snippet:-1, max-image-preview:large, max-video-preview:-1\" \/>\n<link rel=\"canonical\" href=\"https:\/\/www.zahnaerzte-am-nollendorfplatz.de\/practice\/services\/implants\/\" \/>\n<meta property=\"og:locale\" content=\"de_DE\" \/>\n<meta property=\"og:type\" content=\"article\" \/>\n<meta property=\"og:title\" content=\"Implantate - Zahn\u00e4rzte am Nollendorfplatz\" \/>\n<meta property=\"og:description\" content=\"{:de}Geht ein Zahn verloren, bildet sich an dieser Stelle der Kieferknochen zur\u00fcck, da dort keine Kaubelastung mehr erfolgt. Mit einem Implantat kann dem entgegengewirkt werden. Mit jeder Kaubewegung wird der lokale Knochen stimuliert und kann somit stabil erhalten werden.Wird eine L\u00fccke mit einem Implantat versorgt, m\u00fcssen f\u00fcr den Zahnersatz keine Nachbarz\u00e4hne beschliffen werden, wie dies bei konventionellen Br\u00fccken der Fall ist. Vielfach kann auch auf herausnehmbare Prothesen verzichtet werden.{:en}An implant is an \u201cartificial root\u201d that is surgically inserted into the jawbone, where it fuses with the bone. The root then offers a firm mount for the replacement tooth (single tooth, bridge or prosthesis) placed upon it. Tooth implants are generally made of titanium, a metal well tolerated by the human body. In accordance with the number of teeth missing, implants can serve as mounts for single crowns, bridges, or dental prostheses.{:}\" \/>\n<meta property=\"og:url\" content=\"https:\/\/www.zahnaerzte-am-nollendorfplatz.de\/practice\/services\/implants\/\" \/>\n<meta property=\"og:site_name\" content=\"Zahn\u00e4rzte am Nollendorfplatz\" \/>\n<meta property=\"article:modified_time\" content=\"2026-01-18T01:56:53+00:00\" \/>\n<meta name=\"twitter:card\" content=\"summary_large_image\" \/>\n<meta name=\"twitter:label1\" content=\"Gesch\u00e4tzte Lesezeit\" \/>\n\t<meta name=\"twitter:data1\" content=\"5\u00a0Minuten\" \/>\n<script type=\"application\/ld+json\" class=\"yoast-schema-graph\">{\"@context\":\"https:\/\/schema.org\",\"@graph\":[{\"@type\":\"WebPage\",\"@id\":\"https:\/\/www.zahnaerzte-am-nollendorfplatz.de\/practice\/services\/implants\/\",\"url\":\"https:\/\/www.zahnaerzte-am-nollendorfplatz.de\/practice\/services\/implants\/\",\"name\":\"Implantate - Zahn\u00e4rzte am Nollendorfplatz\",\"isPartOf\":{\"@id\":\"https:\/\/www.zahnaerzte-am-nollendorfplatz.de\/practice\/#website\"},\"datePublished\":\"2010-01-07T20:38:36+00:00\",\"dateModified\":\"2026-01-18T01:56:53+00:00\",\"description\":\"{:de}Geht ein Zahn verloren, bildet sich an dieser Stelle der Kieferknochen zur\u00fcck, da dort keine Kaubelastung mehr erfolgt. Mit einem Implantat kann dem entgegengewirkt werden. Mit jeder Kaubewegung wird der lokale Knochen stimuliert und kann somit stabil erhalten werden.Wird eine L\u00fccke mit einem Implantat versorgt, m\u00fcssen f\u00fcr den Zahnersatz keine Nachbarz\u00e4hne beschliffen werden, wie dies bei konventionellen Br\u00fccken der Fall ist. Vielfach kann auch auf herausnehmbare Prothesen verzichtet werden.{:en}An implant is an \u201cartificial root\u201d that is surgically inserted into the jawbone, where it fuses with the bone. The root then offers a firm mount for the replacement tooth (single tooth, bridge or prosthesis) placed upon it. Tooth implants are generally made of titanium, a metal well tolerated by the human body. In accordance with the number of teeth missing, implants can serve as mounts for single crowns, bridges, or dental prostheses.{:}\",\"breadcrumb\":{\"@id\":\"https:\/\/www.zahnaerzte-am-nollendorfplatz.de\/practice\/services\/implants\/#breadcrumb\"},\"inLanguage\":\"de\",\"potentialAction\":[{\"@type\":\"ReadAction\",\"target\":[\"https:\/\/www.zahnaerzte-am-nollendorfplatz.de\/practice\/services\/implants\/\"]}]},{\"@type\":\"BreadcrumbList\",\"@id\":\"https:\/\/www.zahnaerzte-am-nollendorfplatz.de\/practice\/services\/implants\/#breadcrumb\",\"itemListElement\":[{\"@type\":\"ListItem\",\"position\":1,\"name\":\"Startseite\",\"item\":\"https:\/\/www.zahnaerzte-am-nollendorfplatz.de\/practice\/\"},{\"@type\":\"ListItem\",\"position\":2,\"name\":\"Leistungen\",\"item\":\"https:\/\/www.zahnaerzte-am-nollendorfplatz.de\/practice\/services\/\"},{\"@type\":\"ListItem\",\"position\":3,\"name\":\"Implantate\"}]},{\"@type\":\"WebSite\",\"@id\":\"https:\/\/www.zahnaerzte-am-nollendorfplatz.de\/practice\/#website\",\"url\":\"https:\/\/www.zahnaerzte-am-nollendorfplatz.de\/practice\/\",\"name\":\"Zahn\u00e4rzte am Nollendorfplatz\",\"description\":\"Berlin-Sch\u00f6neberg\",\"publisher\":{\"@id\":\"https:\/\/www.zahnaerzte-am-nollendorfplatz.de\/practice\/#organization\"},\"potentialAction\":[{\"@type\":\"SearchAction\",\"target\":{\"@type\":\"EntryPoint\",\"urlTemplate\":\"https:\/\/www.zahnaerzte-am-nollendorfplatz.de\/practice\/?s={search_term_string}\"},\"query-input\":\"required name=search_term_string\"}],\"inLanguage\":\"de\"},{\"@type\":\"Organization\",\"@id\":\"https:\/\/www.zahnaerzte-am-nollendorfplatz.de\/practice\/#organization\",\"name\":\"Zahn\u00e4rzte am Nollendorfplatz\",\"url\":\"https:\/\/www.zahnaerzte-am-nollendorfplatz.de\/practice\/\",\"logo\":{\"@type\":\"ImageObject\",\"inLanguage\":\"de\",\"@id\":\"https:\/\/www.zahnaerzte-am-nollendorfplatz.de\/practice\/#\/schema\/logo\/image\/\",\"url\":\"https:\/\/www.zahnaerzte-am-nollendorfplatz.de\/practice\/wp-content\/uploads\/Logo-solo.png\",\"contentUrl\":\"https:\/\/www.zahnaerzte-am-nollendorfplatz.de\/practice\/wp-content\/uploads\/Logo-solo.png\",\"width\":630,\"height\":230,\"caption\":\"Zahn\u00e4rzte am Nollendorfplatz\"},\"image\":{\"@id\":\"https:\/\/www.zahnaerzte-am-nollendorfplatz.de\/practice\/#\/schema\/logo\/image\/\"}}]}<\/script>\n<!-- \/ Yoast SEO plugin. -->","yoast_head_json":{"title":"Implantate - Zahn\u00e4rzte am Nollendorfplatz","description":"Geht ein Zahn verloren, bildet sich an dieser Stelle der Kieferknochen zur\u00fcck, da dort keine Kaubelastung mehr erfolgt. Mit einem Implantat kann dem entgegengewirkt werden. Mit jeder Kaubewegung wird der lokale Knochen stimuliert und kann somit stabil erhalten werden.Wird eine L\u00fccke mit einem Implantat versorgt, m\u00fcssen f\u00fcr den Zahnersatz keine Nachbarz\u00e4hne beschliffen werden, wie dies bei konventionellen Br\u00fccken der Fall ist. Vielfach kann auch auf herausnehmbare Prothesen verzichtet werden.","robots":{"index":"index","follow":"follow","max-snippet":"max-snippet:-1","max-image-preview":"max-image-preview:large","max-video-preview":"max-video-preview:-1"},"canonical":"https:\/\/www.zahnaerzte-am-nollendorfplatz.de\/practice\/services\/implants\/","og_locale":"de_DE","og_type":"article","og_title":"Implantate - Zahn\u00e4rzte am Nollendorfplatz","og_description":"{:de}Geht ein Zahn verloren, bildet sich an dieser Stelle der Kieferknochen zur\u00fcck, da dort keine Kaubelastung mehr erfolgt. Mit einem Implantat kann dem entgegengewirkt werden. Mit jeder Kaubewegung wird der lokale Knochen stimuliert und kann somit stabil erhalten werden.Wird eine L\u00fccke mit einem Implantat versorgt, m\u00fcssen f\u00fcr den Zahnersatz keine Nachbarz\u00e4hne beschliffen werden, wie dies bei konventionellen Br\u00fccken der Fall ist. Vielfach kann auch auf herausnehmbare Prothesen verzichtet werden.{:en}An implant is an \u201cartificial root\u201d that is surgically inserted into the jawbone, where it fuses with the bone. The root then offers a firm mount for the replacement tooth (single tooth, bridge or prosthesis) placed upon it. Tooth implants are generally made of titanium, a metal well tolerated by the human body. In accordance with the number of teeth missing, implants can serve as mounts for single crowns, bridges, or dental prostheses.{:}","og_url":"https:\/\/www.zahnaerzte-am-nollendorfplatz.de\/practice\/services\/implants\/","og_site_name":"Zahn\u00e4rzte am Nollendorfplatz","article_modified_time":"2026-01-18T01:56:53+00:00","twitter_card":"summary_large_image","twitter_misc":{"Gesch\u00e4tzte Lesezeit":"5\u00a0Minuten"},"schema":{"@context":"https:\/\/schema.org","@graph":[{"@type":"WebPage","@id":"https:\/\/www.zahnaerzte-am-nollendorfplatz.de\/practice\/services\/implants\/","url":"https:\/\/www.zahnaerzte-am-nollendorfplatz.de\/practice\/services\/implants\/","name":"Implantate - Zahn\u00e4rzte am Nollendorfplatz","isPartOf":{"@id":"https:\/\/www.zahnaerzte-am-nollendorfplatz.de\/practice\/#website"},"datePublished":"2010-01-07T20:38:36+00:00","dateModified":"2026-01-18T01:56:53+00:00","description":"{:de}Geht ein Zahn verloren, bildet sich an dieser Stelle der Kieferknochen zur\u00fcck, da dort keine Kaubelastung mehr erfolgt. Mit einem Implantat kann dem entgegengewirkt werden. Mit jeder Kaubewegung wird der lokale Knochen stimuliert und kann somit stabil erhalten werden.Wird eine L\u00fccke mit einem Implantat versorgt, m\u00fcssen f\u00fcr den Zahnersatz keine Nachbarz\u00e4hne beschliffen werden, wie dies bei konventionellen Br\u00fccken der Fall ist. Vielfach kann auch auf herausnehmbare Prothesen verzichtet werden.{:en}An implant is an \u201cartificial root\u201d that is surgically inserted into the jawbone, where it fuses with the bone. The root then offers a firm mount for the replacement tooth (single tooth, bridge or prosthesis) placed upon it. Tooth implants are generally made of titanium, a metal well tolerated by the human body. In accordance with the number of teeth missing, implants can serve as mounts for single crowns, bridges, or dental prostheses.{:}","breadcrumb":{"@id":"https:\/\/www.zahnaerzte-am-nollendorfplatz.de\/practice\/services\/implants\/#breadcrumb"},"inLanguage":"de","potentialAction":[{"@type":"ReadAction","target":["https:\/\/www.zahnaerzte-am-nollendorfplatz.de\/practice\/services\/implants\/"]}]},{"@type":"BreadcrumbList","@id":"https:\/\/www.zahnaerzte-am-nollendorfplatz.de\/practice\/services\/implants\/#breadcrumb","itemListElement":[{"@type":"ListItem","position":1,"name":"Startseite","item":"https:\/\/www.zahnaerzte-am-nollendorfplatz.de\/practice\/"},{"@type":"ListItem","position":2,"name":"Leistungen","item":"https:\/\/www.zahnaerzte-am-nollendorfplatz.de\/practice\/services\/"},{"@type":"ListItem","position":3,"name":"Implantate"}]},{"@type":"WebSite","@id":"https:\/\/www.zahnaerzte-am-nollendorfplatz.de\/practice\/#website","url":"https:\/\/www.zahnaerzte-am-nollendorfplatz.de\/practice\/","name":"Zahn\u00e4rzte am Nollendorfplatz","description":"Berlin-Sch\u00f6neberg","publisher":{"@id":"https:\/\/www.zahnaerzte-am-nollendorfplatz.de\/practice\/#organization"},"potentialAction":[{"@type":"SearchAction","target":{"@type":"EntryPoint","urlTemplate":"https:\/\/www.zahnaerzte-am-nollendorfplatz.de\/practice\/?s={search_term_string}"},"query-input":"required name=search_term_string"}],"inLanguage":"de"},{"@type":"Organization","@id":"https:\/\/www.zahnaerzte-am-nollendorfplatz.de\/practice\/#organization","name":"Zahn\u00e4rzte am Nollendorfplatz","url":"https:\/\/www.zahnaerzte-am-nollendorfplatz.de\/practice\/","logo":{"@type":"ImageObject","inLanguage":"de","@id":"https:\/\/www.zahnaerzte-am-nollendorfplatz.de\/practice\/#\/schema\/logo\/image\/","url":"https:\/\/www.zahnaerzte-am-nollendorfplatz.de\/practice\/wp-content\/uploads\/Logo-solo.png","contentUrl":"https:\/\/www.zahnaerzte-am-nollendorfplatz.de\/practice\/wp-content\/uploads\/Logo-solo.png","width":630,"height":230,"caption":"Zahn\u00e4rzte am Nollendorfplatz"},"image":{"@id":"https:\/\/www.zahnaerzte-am-nollendorfplatz.de\/practice\/#\/schema\/logo\/image\/"}}]}},"_links":{"self":[{"href":"https:\/\/www.zahnaerzte-am-nollendorfplatz.de\/practice\/wp-json\/wp\/v2\/pages\/16"}],"collection":[{"href":"https:\/\/www.zahnaerzte-am-nollendorfplatz.de\/practice\/wp-json\/wp\/v2\/pages"}],"about":[{"href":"https:\/\/www.zahnaerzte-am-nollendorfplatz.de\/practice\/wp-json\/wp\/v2\/types\/page"}],"author":[{"embeddable":true,"href":"https:\/\/www.zahnaerzte-am-nollendorfplatz.de\/practice\/wp-json\/wp\/v2\/users\/1"}],"replies":[{"embeddable":true,"href":"https:\/\/www.zahnaerzte-am-nollendorfplatz.de\/practice\/wp-json\/wp\/v2\/comments?post=16"}],"version-history":[{"count":62,"href":"https:\/\/www.zahnaerzte-am-nollendorfplatz.de\/practice\/wp-json\/wp\/v2\/pages\/16\/revisions"}],"predecessor-version":[{"id":5609,"href":"https:\/\/www.zahnaerzte-am-nollendorfplatz.de\/practice\/wp-json\/wp\/v2\/pages\/16\/revisions\/5609"}],"up":[{"embeddable":true,"href":"https:\/\/www.zahnaerzte-am-nollendorfplatz.de\/practice\/wp-json\/wp\/v2\/pages\/21"}],"wp:attachment":[{"href":"https:\/\/www.zahnaerzte-am-nollendorfplatz.de\/practice\/wp-json\/wp\/v2\/media?parent=16"}],"curies":[{"name":"wp","href":"https:\/\/api.w.org\/{rel}","templated":true}]}}