{"id":17,"date":"2010-01-07T21:40:21","date_gmt":"2010-01-07T19:40:21","guid":{"rendered":"http:\/\/www.maryon.ch\/home\/?page_id=17"},"modified":"2024-01-03T13:49:41","modified_gmt":"2024-01-03T12:49:41","slug":"impressum","status":"publish","type":"page","link":"https:\/\/www.zahnaerzte-am-nollendorfplatz.de\/practice\/about\/impressum\/","title":{"rendered":"Impressum"},"content":{"rendered":"<p><\/p>\n<h2>Zahn\u00e4rzte am Nollendorfplatz<br \/>Dr. Markus Lipp Peter Lutz Diana Sterl<br \/>PartG<\/h2>\n<p>Praxisinhaber sind gleichberechtigt:<br \/>\nDr. Markus Lipp<br \/>\nPeter Lutz<br \/>\nDiana Sterl<\/p>\n<h2>Berufsbezeichnung<\/h2>\n<p>Die Berufsbezeichnung \u00abZahnarzt\u00bb wurde jeweils verliehen in der Bundesrepublik Deutschland.<\/p>\n<h2>Aufsichtsbeh\u00f6rde<\/h2>\n<p>Zust\u00e4ndige Aufsichtsbeh\u00f6rde ist die <a href=\"http:\/\/www.kzv-berlin.de\/\" target=\"_blank\" rel=\"noopener noreferrer\">Kassenzahn\u00e4rztliche Vereinigung Berlin<\/a>, Georg-Wilhelm-Str. 16, 10711 Berlin.<\/p>\n<p>Alle Praxisinhaber sind Mitglieder der Zahn\u00e4rztekammer Berlin, Stallstr. 1, 10585 Berlin.<\/p>\n<h2>Berufsordnung<\/h2>\n<p>Es gilt die Berufsordnung der <a href=\"http:\/\/www.zaek-berlin.de\/\" target=\"_blank\" rel=\"noopener noreferrer\">Zahn\u00e4rztekammer Berlin<\/a>, nachzulesen auf der Homepage der <a href=\"http:\/\/www.zaek-berlin.de\/\" target=\"_blank\" rel=\"noopener noreferrer\">Z\u00c4K<\/a>.<\/p>\n<h2>Berufsrechtliche Regelungen<\/h2>\n<ul>\n<li>das Zahnheilkundegesetz<\/li>\n<li>das Heilberufe-Kammergesetz<\/li>\n<li>die Geb\u00fchrenordnung f\u00fcr Zahn\u00e4rzte<\/li>\n<li>die Berufsordnung f\u00fcr Zahn\u00e4rzte<\/li>\n<\/ul>\n<h2>Datenschutz<\/h2>\n<p>S\u00e4mtliche Informationen und Kontaktdaten, die Sie uns \u00fcber diese Website bzw. per Mail vermitteln, behandeln wir streng vertraulich und unterliegen dem Datenschutz. Eine Weitergabe an Dritte ist ausgeschlossen.<\/p>\n<h2>Webdesign und Programmierung<\/h2>\n<p><a href=\"https:\/\/ahao.studio\/studio\" target=\"_blank\" rel=\"noopener noreferrer\">Christophe Mou<\/a><\/p>","protected":false},"excerpt":{"rendered":"<p>Zahn\u00e4rzte am NollendorfplatzDr. Markus Lipp Peter Lutz Diana SterlPartG Praxisinhaber sind gleichberechtigt: Dr. Markus Lipp Peter Lutz Diana Sterl Berufsbezeichnung Die Berufsbezeichnung \u00abZahnarzt\u00bb wurde jeweils verliehen in der Bundesrepublik Deutschland. Aufsichtsbeh\u00f6rde Zust\u00e4ndige Aufsichtsbeh\u00f6rde ist die Kassenzahn\u00e4rztliche Vereinigung Berlin, Georg-Wilhelm-Str. 16, 10711 Berlin. Alle Praxisinhaber sind Mitglieder der Zahn\u00e4rztekammer Berlin, Stallstr. 1, 10585 Berlin. Berufsordnung Es [&hellip;]<\/p>\n","protected":false},"author":1,"featured_media":0,"parent":1410,"menu_order":5,"comment_status":"closed","ping_status":"closed","template":"legal-notice.php","meta":[],"yoast_head":"<!-- This site is optimized with the Yoast SEO plugin v19.14 - https:\/\/yoast.com\/wordpress\/plugins\/seo\/ -->\n<title>Impressum - Zahn\u00e4rzte am Nollendorfplatz<\/title>\n<meta name=\"robots\" content=\"index, follow, max-snippet:-1, max-image-preview:large, max-video-preview:-1\" \/>\n<link rel=\"canonical\" href=\"https:\/\/www.zahnaerzte-am-nollendorfplatz.de\/practice\/about\/impressum\/\" \/>\n<meta property=\"og:locale\" content=\"de_DE\" \/>\n<meta property=\"og:type\" content=\"article\" \/>\n<meta property=\"og:title\" content=\"Impressum - Zahn\u00e4rzte am Nollendorfplatz\" \/>\n<meta property=\"og:description\" content=\"Zahn\u00e4rzte am NollendorfplatzDr. Markus Lipp Peter Lutz Diana SterlPartG Praxisinhaber sind gleichberechtigt: Dr. Markus Lipp Peter Lutz Diana Sterl Berufsbezeichnung Die Berufsbezeichnung \u00abZahnarzt\u00bb wurde jeweils verliehen in der Bundesrepublik Deutschland. Aufsichtsbeh\u00f6rde Zust\u00e4ndige Aufsichtsbeh\u00f6rde ist die Kassenzahn\u00e4rztliche Vereinigung Berlin, Georg-Wilhelm-Str. 16, 10711 Berlin. Alle Praxisinhaber sind Mitglieder der Zahn\u00e4rztekammer Berlin, Stallstr. 1, 10585 Berlin. Berufsordnung Es [&hellip;]\" \/>\n<meta property=\"og:url\" content=\"https:\/\/www.zahnaerzte-am-nollendorfplatz.de\/practice\/about\/impressum\/\" \/>\n<meta property=\"og:site_name\" content=\"Zahn\u00e4rzte am Nollendorfplatz\" \/>\n<meta property=\"article:modified_time\" content=\"2024-01-03T12:49:41+00:00\" \/>\n<meta name=\"twitter:card\" content=\"summary_large_image\" \/>\n<meta name=\"twitter:label1\" content=\"Gesch\u00e4tzte Lesezeit\" \/>\n\t<meta name=\"twitter:data1\" content=\"2\u00a0Minuten\" \/>\n<script type=\"application\/ld+json\" class=\"yoast-schema-graph\">{\"@context\":\"https:\/\/schema.org\",\"@graph\":[{\"@type\":\"WebPage\",\"@id\":\"https:\/\/www.zahnaerzte-am-nollendorfplatz.de\/practice\/about\/impressum\/\",\"url\":\"https:\/\/www.zahnaerzte-am-nollendorfplatz.de\/practice\/about\/impressum\/\",\"name\":\"Impressum - Zahn\u00e4rzte am Nollendorfplatz\",\"isPartOf\":{\"@id\":\"https:\/\/www.zahnaerzte-am-nollendorfplatz.de\/practice\/#website\"},\"datePublished\":\"2010-01-07T19:40:21+00:00\",\"dateModified\":\"2024-01-03T12:49:41+00:00\",\"breadcrumb\":{\"@id\":\"https:\/\/www.zahnaerzte-am-nollendorfplatz.de\/practice\/about\/impressum\/#breadcrumb\"},\"inLanguage\":\"de\",\"potentialAction\":[{\"@type\":\"ReadAction\",\"target\":[\"https:\/\/www.zahnaerzte-am-nollendorfplatz.de\/practice\/about\/impressum\/\"]}]},{\"@type\":\"BreadcrumbList\",\"@id\":\"https:\/\/www.zahnaerzte-am-nollendorfplatz.de\/practice\/about\/impressum\/#breadcrumb\",\"itemListElement\":[{\"@type\":\"ListItem\",\"position\":1,\"name\":\"Startseite\",\"item\":\"https:\/\/www.zahnaerzte-am-nollendorfplatz.de\/practice\/\"},{\"@type\":\"ListItem\",\"position\":2,\"name\":\"\u00dcber uns\",\"item\":\"https:\/\/www.zahnaerzte-am-nollendorfplatz.de\/practice\/about\/\"},{\"@type\":\"ListItem\",\"position\":3,\"name\":\"Impressum\"}]},{\"@type\":\"WebSite\",\"@id\":\"https:\/\/www.zahnaerzte-am-nollendorfplatz.de\/practice\/#website\",\"url\":\"https:\/\/www.zahnaerzte-am-nollendorfplatz.de\/practice\/\",\"name\":\"Zahn\u00e4rzte am Nollendorfplatz\",\"description\":\"Berlin-Sch\u00f6neberg\",\"publisher\":{\"@id\":\"https:\/\/www.zahnaerzte-am-nollendorfplatz.de\/practice\/#organization\"},\"potentialAction\":[{\"@type\":\"SearchAction\",\"target\":{\"@type\":\"EntryPoint\",\"urlTemplate\":\"https:\/\/www.zahnaerzte-am-nollendorfplatz.de\/practice\/?s={search_term_string}\"},\"query-input\":\"required name=search_term_string\"}],\"inLanguage\":\"de\"},{\"@type\":\"Organization\",\"@id\":\"https:\/\/www.zahnaerzte-am-nollendorfplatz.de\/practice\/#organization\",\"name\":\"Zahn\u00e4rzte am Nollendorfplatz\",\"url\":\"https:\/\/www.zahnaerzte-am-nollendorfplatz.de\/practice\/\",\"logo\":{\"@type\":\"ImageObject\",\"inLanguage\":\"de\",\"@id\":\"https:\/\/www.zahnaerzte-am-nollendorfplatz.de\/practice\/#\/schema\/logo\/image\/\",\"url\":\"https:\/\/www.zahnaerzte-am-nollendorfplatz.de\/practice\/wp-content\/uploads\/Logo-solo.png\",\"contentUrl\":\"https:\/\/www.zahnaerzte-am-nollendorfplatz.de\/practice\/wp-content\/uploads\/Logo-solo.png\",\"width\":630,\"height\":230,\"caption\":\"Zahn\u00e4rzte am Nollendorfplatz\"},\"image\":{\"@id\":\"https:\/\/www.zahnaerzte-am-nollendorfplatz.de\/practice\/#\/schema\/logo\/image\/\"}}]}<\/script>\n<!-- \/ Yoast SEO plugin. -->","yoast_head_json":{"title":"Impressum - Zahn\u00e4rzte am Nollendorfplatz","robots":{"index":"index","follow":"follow","max-snippet":"max-snippet:-1","max-image-preview":"max-image-preview:large","max-video-preview":"max-video-preview:-1"},"canonical":"https:\/\/www.zahnaerzte-am-nollendorfplatz.de\/practice\/about\/impressum\/","og_locale":"de_DE","og_type":"article","og_title":"Impressum - Zahn\u00e4rzte am Nollendorfplatz","og_description":"Zahn\u00e4rzte am NollendorfplatzDr. Markus Lipp Peter Lutz Diana SterlPartG Praxisinhaber sind gleichberechtigt: Dr. Markus Lipp Peter Lutz Diana Sterl Berufsbezeichnung Die Berufsbezeichnung \u00abZahnarzt\u00bb wurde jeweils verliehen in der Bundesrepublik Deutschland. Aufsichtsbeh\u00f6rde Zust\u00e4ndige Aufsichtsbeh\u00f6rde ist die Kassenzahn\u00e4rztliche Vereinigung Berlin, Georg-Wilhelm-Str. 16, 10711 Berlin. Alle Praxisinhaber sind Mitglieder der Zahn\u00e4rztekammer Berlin, Stallstr. 1, 10585 Berlin. Berufsordnung Es [&hellip;]","og_url":"https:\/\/www.zahnaerzte-am-nollendorfplatz.de\/practice\/about\/impressum\/","og_site_name":"Zahn\u00e4rzte am Nollendorfplatz","article_modified_time":"2024-01-03T12:49:41+00:00","twitter_card":"summary_large_image","twitter_misc":{"Gesch\u00e4tzte Lesezeit":"2\u00a0Minuten"},"schema":{"@context":"https:\/\/schema.org","@graph":[{"@type":"WebPage","@id":"https:\/\/www.zahnaerzte-am-nollendorfplatz.de\/practice\/about\/impressum\/","url":"https:\/\/www.zahnaerzte-am-nollendorfplatz.de\/practice\/about\/impressum\/","name":"Impressum - Zahn\u00e4rzte am Nollendorfplatz","isPartOf":{"@id":"https:\/\/www.zahnaerzte-am-nollendorfplatz.de\/practice\/#website"},"datePublished":"2010-01-07T19:40:21+00:00","dateModified":"2024-01-03T12:49:41+00:00","breadcrumb":{"@id":"https:\/\/www.zahnaerzte-am-nollendorfplatz.de\/practice\/about\/impressum\/#breadcrumb"},"inLanguage":"de","potentialAction":[{"@type":"ReadAction","target":["https:\/\/www.zahnaerzte-am-nollendorfplatz.de\/practice\/about\/impressum\/"]}]},{"@type":"BreadcrumbList","@id":"https:\/\/www.zahnaerzte-am-nollendorfplatz.de\/practice\/about\/impressum\/#breadcrumb","itemListElement":[{"@type":"ListItem","position":1,"name":"Startseite","item":"https:\/\/www.zahnaerzte-am-nollendorfplatz.de\/practice\/"},{"@type":"ListItem","position":2,"name":"\u00dcber uns","item":"https:\/\/www.zahnaerzte-am-nollendorfplatz.de\/practice\/about\/"},{"@type":"ListItem","position":3,"name":"Impressum"}]},{"@type":"WebSite","@id":"https:\/\/www.zahnaerzte-am-nollendorfplatz.de\/practice\/#website","url":"https:\/\/www.zahnaerzte-am-nollendorfplatz.de\/practice\/","name":"Zahn\u00e4rzte am Nollendorfplatz","description":"Berlin-Sch\u00f6neberg","publisher":{"@id":"https:\/\/www.zahnaerzte-am-nollendorfplatz.de\/practice\/#organization"},"potentialAction":[{"@type":"SearchAction","target":{"@type":"EntryPoint","urlTemplate":"https:\/\/www.zahnaerzte-am-nollendorfplatz.de\/practice\/?s={search_term_string}"},"query-input":"required name=search_term_string"}],"inLanguage":"de"},{"@type":"Organization","@id":"https:\/\/www.zahnaerzte-am-nollendorfplatz.de\/practice\/#organization","name":"Zahn\u00e4rzte am Nollendorfplatz","url":"https:\/\/www.zahnaerzte-am-nollendorfplatz.de\/practice\/","logo":{"@type":"ImageObject","inLanguage":"de","@id":"https:\/\/www.zahnaerzte-am-nollendorfplatz.de\/practice\/#\/schema\/logo\/image\/","url":"https:\/\/www.zahnaerzte-am-nollendorfplatz.de\/practice\/wp-content\/uploads\/Logo-solo.png","contentUrl":"https:\/\/www.zahnaerzte-am-nollendorfplatz.de\/practice\/wp-content\/uploads\/Logo-solo.png","width":630,"height":230,"caption":"Zahn\u00e4rzte am Nollendorfplatz"},"image":{"@id":"https:\/\/www.zahnaerzte-am-nollendorfplatz.de\/practice\/#\/schema\/logo\/image\/"}}]}},"_links":{"self":[{"href":"https:\/\/www.zahnaerzte-am-nollendorfplatz.de\/practice\/wp-json\/wp\/v2\/pages\/17"}],"collection":[{"href":"https:\/\/www.zahnaerzte-am-nollendorfplatz.de\/practice\/wp-json\/wp\/v2\/pages"}],"about":[{"href":"https:\/\/www.zahnaerzte-am-nollendorfplatz.de\/practice\/wp-json\/wp\/v2\/types\/page"}],"author":[{"embeddable":true,"href":"https:\/\/www.zahnaerzte-am-nollendorfplatz.de\/practice\/wp-json\/wp\/v2\/users\/1"}],"replies":[{"embeddable":true,"href":"https:\/\/www.zahnaerzte-am-nollendorfplatz.de\/practice\/wp-json\/wp\/v2\/comments?post=17"}],"version-history":[{"count":60,"href":"https:\/\/www.zahnaerzte-am-nollendorfplatz.de\/practice\/wp-json\/wp\/v2\/pages\/17\/revisions"}],"predecessor-version":[{"id":5573,"href":"https:\/\/www.zahnaerzte-am-nollendorfplatz.de\/practice\/wp-json\/wp\/v2\/pages\/17\/revisions\/5573"}],"up":[{"embeddable":true,"href":"https:\/\/www.zahnaerzte-am-nollendorfplatz.de\/practice\/wp-json\/wp\/v2\/pages\/1410"}],"wp:attachment":[{"href":"https:\/\/www.zahnaerzte-am-nollendorfplatz.de\/practice\/wp-json\/wp\/v2\/media?parent=17"}],"curies":[{"name":"wp","href":"https:\/\/api.w.org\/{rel}","templated":true}]}}

<p></p>
<h2>Zahnärzte am Nollendorfplatz<br />Dr. Markus Lipp Peter Lutz Diana Sterl<br />PartG</h2>
<p>Praxisinhaber sind gleichberechtigt:<br />
Dr. Markus Lipp<br />
Peter Lutz<br />
Diana Sterl</p>
<h2>Berufsbezeichnung</h2>
<p>Die Berufsbezeichnung «Zahnarzt» wurde jeweils verliehen in der Bundesrepublik Deutschland.</p>
<h2>Aufsichtsbehörde</h2>
<p>Zuständige Aufsichtsbehörde ist die <a href="http://www.kzv-berlin.de/" target="_blank" rel="noopener noreferrer">Kassenzahnärztliche Vereinigung Berlin</a>, Georg-Wilhelm-Str. 16, 10711 Berlin.</p>
<p>Alle Praxisinhaber sind Mitglieder der Zahnärztekammer Berlin, Stallstr. 1, 10585 Berlin.</p>
<h2>Berufsordnung</h2>
<p>Es gilt die Berufsordnung der <a href="http://www.zaek-berlin.de/" target="_blank" rel="noopener noreferrer">Zahnärztekammer Berlin</a>, nachzulesen auf der Homepage der <a href="http://www.zaek-berlin.de/" target="_blank" rel="noopener noreferrer">ZÄK</a>.</p>
<h2>Berufsrechtliche Regelungen</h2>
<ul>
<li>das Zahnheilkundegesetz</li>
<li>das Heilberufe-Kammergesetz</li>
<li>die Gebührenordnung für Zahnärzte</li>
<li>die Berufsordnung für Zahnärzte</li>
</ul>
<h2>Datenschutz</h2>
<p>Sämtliche Informationen und Kontaktdaten, die Sie uns über diese Website bzw. per Mail vermitteln, behandeln wir streng vertraulich und unterliegen dem Datenschutz. Eine Weitergabe an Dritte ist ausgeschlossen.</p>
<h2>Webdesign und Programmierung</h2>
<p><a href="https://ahao.studio/studio" target="_blank" rel="noopener noreferrer">Christophe Mou</a></p>

<p>Zahnärzte am NollendorfplatzDr. Markus Lipp Peter Lutz Diana SterlPartG Praxisinhaber sind gleichberechtigt: Dr. Markus Lipp Peter Lutz Diana Sterl Berufsbezeichnung Die Berufsbezeichnung «Zahnarzt» wurde jeweils verliehen in der Bundesrepublik Deutschland. Aufsichtsbehörde Zuständige Aufsichtsbehörde ist die Kassenzahnärztliche Vereinigung Berlin, Georg-Wilhelm-Str. 16, 10711 Berlin. Alle Praxisinhaber sind Mitglieder der Zahnärztekammer Berlin, Stallstr. 1, 10585 Berlin. Berufsordnung Es [&hellip;]</p>

<!-- This site is optimized with the Yoast SEO plugin v19.14 - https://yoast.com/wordpress/plugins/seo/ -->
<title>Impressum - Zahnärzte am Nollendorfplatz</title>
<meta name="robots" content="index, follow, max-snippet:-1, max-image-preview:large, max-video-preview:-1" />
<link rel="canonical" href="https://www.zahnaerzte-am-nollendorfplatz.de/practice/about/impressum/" />
<meta property="og:locale" content="de_DE" />
<meta property="og:type" content="article" />
<meta property="og:title" content="Impressum - Zahnärzte am Nollendorfplatz" />
<meta property="og:description" content="Zahnärzte am NollendorfplatzDr. Markus Lipp Peter Lutz Diana SterlPartG Praxisinhaber sind gleichberechtigt: Dr. Markus Lipp Peter Lutz Diana Sterl Berufsbezeichnung Die Berufsbezeichnung «Zahnarzt» wurde jeweils verliehen in der Bundesrepublik Deutschland. Aufsichtsbehörde Zuständige Aufsichtsbehörde ist die Kassenzahnärztliche Vereinigung Berlin, Georg-Wilhelm-Str. 16, 10711 Berlin. Alle Praxisinhaber sind Mitglieder der Zahnärztekammer Berlin, Stallstr. 1, 10585 Berlin. Berufsordnung Es [&hellip;]" />
<meta property="og:url" content="https://www.zahnaerzte-am-nollendorfplatz.de/practice/about/impressum/" />
<meta property="og:site_name" content="Zahnärzte am Nollendorfplatz" />
<meta property="article:modified_time" content="2024-01-03T12:49:41+00:00" />
<meta name="twitter:card" content="summary_large_image" />
<meta name="twitter:label1" content="Geschätzte Lesezeit" />
	<meta name="twitter:data1" content="2 Minuten" />
<script type="application/ld+json" class="yoast-schema-graph">{"@context":"https://schema.org","@graph":[{"@type":"WebPage","@id":"https://www.zahnaerzte-am-nollendorfplatz.de/practice/about/impressum/","url":"https://www.zahnaerzte-am-nollendorfplatz.de/practice/about/impressum/","name":"Impressum - Zahnärzte am Nollendorfplatz","isPartOf":{"@id":"https://www.zahnaerzte-am-nollendorfplatz.de/practice/#website"},"datePublished":"2010-01-07T19:40:21+00:00","dateModified":"2024-01-03T12:49:41+00:00","breadcrumb":{"@id":"https://www.zahnaerzte-am-nollendorfplatz.de/practice/about/impressum/#breadcrumb"},"inLanguage":"de","potentialAction":[{"@type":"ReadAction","target":["https://www.zahnaerzte-am-nollendorfplatz.de/practice/about/impressum/"]}]},{"@type":"BreadcrumbList","@id":"https://www.zahnaerzte-am-nollendorfplatz.de/practice/about/impressum/#breadcrumb","itemListElement":[{"@type":"ListItem","position":1,"name":"Startseite","item":"https://www.zahnaerzte-am-nollendorfplatz.de/practice/"},{"@type":"ListItem","position":2,"name":"Über uns","item":"https://www.zahnaerzte-am-nollendorfplatz.de/practice/about/"},{"@type":"ListItem","position":3,"name":"Impressum"}]},{"@type":"WebSite","@id":"https://www.zahnaerzte-am-nollendorfplatz.de/practice/#website","url":"https://www.zahnaerzte-am-nollendorfplatz.de/practice/","name":"Zahnärzte am Nollendorfplatz","description":"Berlin-Schöneberg","publisher":{"@id":"https://www.zahnaerzte-am-nollendorfplatz.de/practice/#organization"},"potentialAction":[{"@type":"SearchAction","target":{"@type":"EntryPoint","urlTemplate":"https://www.zahnaerzte-am-nollendorfplatz.de/practice/?s={search_term_string}"},"query-input":"required name=search_term_string"}],"inLanguage":"de"},{"@type":"Organization","@id":"https://www.zahnaerzte-am-nollendorfplatz.de/practice/#organization","name":"Zahnärzte am Nollendorfplatz","url":"https://www.zahnaerzte-am-nollendorfplatz.de/practice/","logo":{"@type":"ImageObject","inLanguage":"de","@id":"https://www.zahnaerzte-am-nollendorfplatz.de/practice/#/schema/logo/image/","url":"https://www.zahnaerzte-am-nollendorfplatz.de/practice/wp-content/uploads/Logo-solo.png","contentUrl":"https://www.zahnaerzte-am-nollendorfplatz.de/practice/wp-content/uploads/Logo-solo.png","width":630,"height":230,"caption":"Zahnärzte am Nollendorfplatz"},"image":{"@id":"https://www.zahnaerzte-am-nollendorfplatz.de/practice/#/schema/logo/image/"}}]}</script>
<!-- / Yoast SEO plugin. -->

Impressum - Zahnärzte am Nollendorfplatz

Zahnärzte am NollendorfplatzDr. Markus Lipp Peter Lutz Diana SterlPartG Praxisinhaber sind gleichberechtigt: Dr. Markus Lipp Peter Lutz Diana Sterl Berufsbezeichnung Die Berufsbezeichnung «Zahnarzt» wurde jeweils verliehen in der Bundesrepublik Deutschland. Aufsichtsbehörde Zuständige Aufsichtsbehörde ist die Kassenzahnärztliche Vereinigung Berlin, Georg-Wilhelm-Str. 16, 10711 Berlin. Alle Praxisinhaber sind Mitglieder der Zahnärztekammer Berlin, Stallstr. 1, 10585 Berlin. Berufsordnung Es [&hellip;]

Zahnärzte am Nollendorfplatz

Über uns

Berlin-Schöneberg
