{"id":404,"date":"2011-03-02T15:00:31","date_gmt":"2011-03-02T13:00:31","guid":{"rendered":"http:\/\/localhost\/b-l-l\/practice\/?page_id=404"},"modified":"2022-12-14T14:38:42","modified_gmt":"2022-12-14T13:38:42","slug":"laser","status":"publish","type":"page","link":"https:\/\/www.zahnaerzte-am-nollendorfplatz.de\/practice\/services\/laser\/","title":{"rendered":"Laser"},"content":{"rendered":"<p><\/p>\n<h2>Was ist Laser?<\/h2>\n<p>Laser ist sehr energiereiches, geb\u00fcndeltes Licht. Es gibt viele verschiedene Lasertypen, die sich durch die Frequenz der Lichtwellen unterscheiden. Mit dem\u00a0Laser kann Weich- und Hartgewebe pr\u00e4zise abgetragen werden.<\/p>\n<h2>Der Laser in der modernen Zahnmedizin<\/h2>\n<p>Unter Lasereinfluss kann Gewebe\u00a0dekontaminiert und sterilisiert werden. Softlaser k\u00f6nnen die k\u00f6rpereigenen Heilungskr\u00e4fte auf sanfte Weise stimulieren. Diese Eigenschaften machen den Laser auch in der modernen Zahnmedizin zu einem wichtigen Hilfsmittel.<\/p>\n<h2>Der Laser in der Parodontologie<\/h2>\n<p>Wir verf\u00fcgen \u00fcber einen\u00a0variablen Diodenlaser\u00a0der neuesten Generation.\u00a0In der Parodontologie k\u00f6nnen wir ihn zus\u00e4tzlich zur mechanischen Reinigung zur schonenden Desinfektion von bakteriell infizierten Zahnfleischtaschen einsetzen.<\/p>\n<h2>Laser bei stark ausgepr\u00e4gtem oder zu kurzem Lippenb\u00e4ndchen<\/h2>\n<p>Heute k\u00f6nnen kleine operative Eingriffe, wie z.B. die Durchtrennung eines stark ausgepr\u00e4gten oder zu kurzen Lippenb\u00e4ndchens, sehr pr\u00e4zise mit einem Laserger\u00e4t durchgef\u00fchrt werden. Die Behandlung mit einem Weichgewebslaser hat den Vorteil, dass sie weniger schmerzhaft ist als das konventionelle OP-Verfahren, die Wunde kaum blutet und daher in der Regel nicht abgedeckt oder zugen\u00e4ht werden muss.<\/p>\n<h2>Der Laser bei Aphten und Herpes<\/h2>\n<p>Wir haben beste Erfahrungen bei der Behandlung von Aphten und Herpes gemacht. Diese heilen nach der Laserbehandlung wesentlich schneller aus und es kommt zu einer raschen Schmerzfreiheit.<\/p>","protected":false},"excerpt":{"rendered":"<p>Was ist Laser? Laser ist sehr energiereiches, geb\u00fcndeltes Licht. Es gibt viele verschiedene Lasertypen, die sich durch die Frequenz der Lichtwellen unterscheiden. Mit dem\u00a0Laser kann Weich- und Hartgewebe pr\u00e4zise abgetragen werden. Der Laser in der modernen Zahnmedizin Unter Lasereinfluss kann Gewebe\u00a0dekontaminiert und sterilisiert werden. Softlaser k\u00f6nnen die k\u00f6rpereigenen Heilungskr\u00e4fte auf sanfte Weise stimulieren. Diese Eigenschaften [&hellip;]<\/p>\n","protected":false},"author":1,"featured_media":0,"parent":21,"menu_order":7,"comment_status":"closed","ping_status":"closed","template":"services.php","meta":[],"yoast_head":"<!-- This site is optimized with the Yoast SEO plugin v19.14 - https:\/\/yoast.com\/wordpress\/plugins\/seo\/ -->\n<title>Laser - Zahn\u00e4rzte am Nollendorfplatz<\/title>\n<meta name=\"description\" content=\"Laser ist sehr energiereiches, geb\u00fcndeltes Licht. Es gibt viele verschiedene Lasertypen, die sich durch die Frequenz der Lichtwellen unterscheiden. Mit dem\u00a0Laser kann Weich- und Hartgewebe pr\u00e4zise abgetragen werden. Unter Lasereinfluss kann Gewebe\u00a0dekontaminiert und sterilisiert werden. Softlaser k\u00f6nnen die k\u00f6rpereigenen Heilungskr\u00e4fte auf sanfte Weise stimulieren. Diese Eigenschaften machen den Laser auch in der modernen Zahnmedizin zu einem wichtigen Hilfsmittel.\" \/>\n<meta name=\"robots\" content=\"index, follow, max-snippet:-1, max-image-preview:large, max-video-preview:-1\" \/>\n<link rel=\"canonical\" href=\"https:\/\/www.zahnaerzte-am-nollendorfplatz.de\/practice\/services\/laser\/\" \/>\n<meta property=\"og:locale\" content=\"de_DE\" \/>\n<meta property=\"og:type\" content=\"article\" \/>\n<meta property=\"og:title\" content=\"Laser - Zahn\u00e4rzte am Nollendorfplatz\" \/>\n<meta property=\"og:description\" content=\"{:de}Laser ist sehr energiereiches, geb\u00fcndeltes Licht. Es gibt viele verschiedene Lasertypen, die sich durch die Frequenz der Lichtwellen unterscheiden. Mit dem\u00a0Laser kann Weich- und Hartgewebe pr\u00e4zise abgetragen werden. Unter Lasereinfluss kann Gewebe\u00a0dekontaminiert und sterilisiert werden. Softlaser k\u00f6nnen die k\u00f6rpereigenen Heilungskr\u00e4fte auf sanfte Weise stimulieren. Diese Eigenschaften machen den Laser auch in der modernen Zahnmedizin zu einem wichtigen Hilfsmittel.{:en}Laser is bundled, energy-rich light. The various types of laser are differentiated according to the frequency of the light waves. Laser can be used to remove soft and hard tissue. Thanks to modern dental laser systems, minor surgical interventions can be carried out with high precision and minimum discomfort. Laser can be used to decontaminate and sterilize tissue, with soft-laser being applied to gently stimulate the body\u2019s self-healing powers. Such properties make laser an important resource in modern dentistry and many other fields besides.{:}\" \/>\n<meta property=\"og:url\" content=\"https:\/\/www.zahnaerzte-am-nollendorfplatz.de\/practice\/services\/laser\/\" \/>\n<meta property=\"og:site_name\" content=\"Zahn\u00e4rzte am Nollendorfplatz\" \/>\n<meta property=\"article:modified_time\" content=\"2022-12-14T13:38:42+00:00\" \/>\n<meta name=\"twitter:card\" content=\"summary_large_image\" \/>\n<meta name=\"twitter:label1\" content=\"Gesch\u00e4tzte Lesezeit\" \/>\n\t<meta name=\"twitter:data1\" content=\"2\u00a0Minuten\" \/>\n<script type=\"application\/ld+json\" class=\"yoast-schema-graph\">{\"@context\":\"https:\/\/schema.org\",\"@graph\":[{\"@type\":\"WebPage\",\"@id\":\"https:\/\/www.zahnaerzte-am-nollendorfplatz.de\/practice\/services\/laser\/\",\"url\":\"https:\/\/www.zahnaerzte-am-nollendorfplatz.de\/practice\/services\/laser\/\",\"name\":\"Laser - Zahn\u00e4rzte am Nollendorfplatz\",\"isPartOf\":{\"@id\":\"https:\/\/www.zahnaerzte-am-nollendorfplatz.de\/practice\/#website\"},\"datePublished\":\"2011-03-02T13:00:31+00:00\",\"dateModified\":\"2022-12-14T13:38:42+00:00\",\"description\":\"{:de}Laser ist sehr energiereiches, geb\u00fcndeltes Licht. Es gibt viele verschiedene Lasertypen, die sich durch die Frequenz der Lichtwellen unterscheiden. Mit dem\u00a0Laser kann Weich- und Hartgewebe pr\u00e4zise abgetragen werden. Unter Lasereinfluss kann Gewebe\u00a0dekontaminiert und sterilisiert werden. Softlaser k\u00f6nnen die k\u00f6rpereigenen Heilungskr\u00e4fte auf sanfte Weise stimulieren. Diese Eigenschaften machen den Laser auch in der modernen Zahnmedizin zu einem wichtigen Hilfsmittel.{:en}Laser is bundled, energy-rich light. The various types of laser are differentiated according to the frequency of the light waves. Laser can be used to remove soft and hard tissue. Thanks to modern dental laser systems, minor surgical interventions can be carried out with high precision and minimum discomfort. Laser can be used to decontaminate and sterilize tissue, with soft-laser being applied to gently stimulate the body\u2019s self-healing powers. Such properties make laser an important resource in modern dentistry and many other fields besides.{:}\",\"breadcrumb\":{\"@id\":\"https:\/\/www.zahnaerzte-am-nollendorfplatz.de\/practice\/services\/laser\/#breadcrumb\"},\"inLanguage\":\"de\",\"potentialAction\":[{\"@type\":\"ReadAction\",\"target\":[\"https:\/\/www.zahnaerzte-am-nollendorfplatz.de\/practice\/services\/laser\/\"]}]},{\"@type\":\"BreadcrumbList\",\"@id\":\"https:\/\/www.zahnaerzte-am-nollendorfplatz.de\/practice\/services\/laser\/#breadcrumb\",\"itemListElement\":[{\"@type\":\"ListItem\",\"position\":1,\"name\":\"Startseite\",\"item\":\"https:\/\/www.zahnaerzte-am-nollendorfplatz.de\/practice\/\"},{\"@type\":\"ListItem\",\"position\":2,\"name\":\"Leistungen\",\"item\":\"https:\/\/www.zahnaerzte-am-nollendorfplatz.de\/practice\/services\/\"},{\"@type\":\"ListItem\",\"position\":3,\"name\":\"Laser\"}]},{\"@type\":\"WebSite\",\"@id\":\"https:\/\/www.zahnaerzte-am-nollendorfplatz.de\/practice\/#website\",\"url\":\"https:\/\/www.zahnaerzte-am-nollendorfplatz.de\/practice\/\",\"name\":\"Zahn\u00e4rzte am Nollendorfplatz\",\"description\":\"Berlin-Sch\u00f6neberg\",\"publisher\":{\"@id\":\"https:\/\/www.zahnaerzte-am-nollendorfplatz.de\/practice\/#organization\"},\"potentialAction\":[{\"@type\":\"SearchAction\",\"target\":{\"@type\":\"EntryPoint\",\"urlTemplate\":\"https:\/\/www.zahnaerzte-am-nollendorfplatz.de\/practice\/?s={search_term_string}\"},\"query-input\":\"required name=search_term_string\"}],\"inLanguage\":\"de\"},{\"@type\":\"Organization\",\"@id\":\"https:\/\/www.zahnaerzte-am-nollendorfplatz.de\/practice\/#organization\",\"name\":\"Zahn\u00e4rzte am Nollendorfplatz\",\"url\":\"https:\/\/www.zahnaerzte-am-nollendorfplatz.de\/practice\/\",\"logo\":{\"@type\":\"ImageObject\",\"inLanguage\":\"de\",\"@id\":\"https:\/\/www.zahnaerzte-am-nollendorfplatz.de\/practice\/#\/schema\/logo\/image\/\",\"url\":\"https:\/\/www.zahnaerzte-am-nollendorfplatz.de\/practice\/wp-content\/uploads\/Logo-solo.png\",\"contentUrl\":\"https:\/\/www.zahnaerzte-am-nollendorfplatz.de\/practice\/wp-content\/uploads\/Logo-solo.png\",\"width\":630,\"height\":230,\"caption\":\"Zahn\u00e4rzte am Nollendorfplatz\"},\"image\":{\"@id\":\"https:\/\/www.zahnaerzte-am-nollendorfplatz.de\/practice\/#\/schema\/logo\/image\/\"}}]}<\/script>\n<!-- \/ Yoast SEO plugin. -->","yoast_head_json":{"title":"Laser - Zahn\u00e4rzte am Nollendorfplatz","description":"Laser ist sehr energiereiches, geb\u00fcndeltes Licht. Es gibt viele verschiedene Lasertypen, die sich durch die Frequenz der Lichtwellen unterscheiden. Mit dem\u00a0Laser kann Weich- und Hartgewebe pr\u00e4zise abgetragen werden. Unter Lasereinfluss kann Gewebe\u00a0dekontaminiert und sterilisiert werden. Softlaser k\u00f6nnen die k\u00f6rpereigenen Heilungskr\u00e4fte auf sanfte Weise stimulieren. Diese Eigenschaften machen den Laser auch in der modernen Zahnmedizin zu einem wichtigen Hilfsmittel.","robots":{"index":"index","follow":"follow","max-snippet":"max-snippet:-1","max-image-preview":"max-image-preview:large","max-video-preview":"max-video-preview:-1"},"canonical":"https:\/\/www.zahnaerzte-am-nollendorfplatz.de\/practice\/services\/laser\/","og_locale":"de_DE","og_type":"article","og_title":"Laser - Zahn\u00e4rzte am Nollendorfplatz","og_description":"{:de}Laser ist sehr energiereiches, geb\u00fcndeltes Licht. Es gibt viele verschiedene Lasertypen, die sich durch die Frequenz der Lichtwellen unterscheiden. Mit dem\u00a0Laser kann Weich- und Hartgewebe pr\u00e4zise abgetragen werden. Unter Lasereinfluss kann Gewebe\u00a0dekontaminiert und sterilisiert werden. Softlaser k\u00f6nnen die k\u00f6rpereigenen Heilungskr\u00e4fte auf sanfte Weise stimulieren. Diese Eigenschaften machen den Laser auch in der modernen Zahnmedizin zu einem wichtigen Hilfsmittel.{:en}Laser is bundled, energy-rich light. The various types of laser are differentiated according to the frequency of the light waves. Laser can be used to remove soft and hard tissue. Thanks to modern dental laser systems, minor surgical interventions can be carried out with high precision and minimum discomfort. Laser can be used to decontaminate and sterilize tissue, with soft-laser being applied to gently stimulate the body\u2019s self-healing powers. Such properties make laser an important resource in modern dentistry and many other fields besides.{:}","og_url":"https:\/\/www.zahnaerzte-am-nollendorfplatz.de\/practice\/services\/laser\/","og_site_name":"Zahn\u00e4rzte am Nollendorfplatz","article_modified_time":"2022-12-14T13:38:42+00:00","twitter_card":"summary_large_image","twitter_misc":{"Gesch\u00e4tzte Lesezeit":"2\u00a0Minuten"},"schema":{"@context":"https:\/\/schema.org","@graph":[{"@type":"WebPage","@id":"https:\/\/www.zahnaerzte-am-nollendorfplatz.de\/practice\/services\/laser\/","url":"https:\/\/www.zahnaerzte-am-nollendorfplatz.de\/practice\/services\/laser\/","name":"Laser - Zahn\u00e4rzte am Nollendorfplatz","isPartOf":{"@id":"https:\/\/www.zahnaerzte-am-nollendorfplatz.de\/practice\/#website"},"datePublished":"2011-03-02T13:00:31+00:00","dateModified":"2022-12-14T13:38:42+00:00","description":"{:de}Laser ist sehr energiereiches, geb\u00fcndeltes Licht. Es gibt viele verschiedene Lasertypen, die sich durch die Frequenz der Lichtwellen unterscheiden. Mit dem\u00a0Laser kann Weich- und Hartgewebe pr\u00e4zise abgetragen werden. Unter Lasereinfluss kann Gewebe\u00a0dekontaminiert und sterilisiert werden. Softlaser k\u00f6nnen die k\u00f6rpereigenen Heilungskr\u00e4fte auf sanfte Weise stimulieren. Diese Eigenschaften machen den Laser auch in der modernen Zahnmedizin zu einem wichtigen Hilfsmittel.{:en}Laser is bundled, energy-rich light. The various types of laser are differentiated according to the frequency of the light waves. Laser can be used to remove soft and hard tissue. Thanks to modern dental laser systems, minor surgical interventions can be carried out with high precision and minimum discomfort. Laser can be used to decontaminate and sterilize tissue, with soft-laser being applied to gently stimulate the body\u2019s self-healing powers. Such properties make laser an important resource in modern dentistry and many other fields besides.{:}","breadcrumb":{"@id":"https:\/\/www.zahnaerzte-am-nollendorfplatz.de\/practice\/services\/laser\/#breadcrumb"},"inLanguage":"de","potentialAction":[{"@type":"ReadAction","target":["https:\/\/www.zahnaerzte-am-nollendorfplatz.de\/practice\/services\/laser\/"]}]},{"@type":"BreadcrumbList","@id":"https:\/\/www.zahnaerzte-am-nollendorfplatz.de\/practice\/services\/laser\/#breadcrumb","itemListElement":[{"@type":"ListItem","position":1,"name":"Startseite","item":"https:\/\/www.zahnaerzte-am-nollendorfplatz.de\/practice\/"},{"@type":"ListItem","position":2,"name":"Leistungen","item":"https:\/\/www.zahnaerzte-am-nollendorfplatz.de\/practice\/services\/"},{"@type":"ListItem","position":3,"name":"Laser"}]},{"@type":"WebSite","@id":"https:\/\/www.zahnaerzte-am-nollendorfplatz.de\/practice\/#website","url":"https:\/\/www.zahnaerzte-am-nollendorfplatz.de\/practice\/","name":"Zahn\u00e4rzte am Nollendorfplatz","description":"Berlin-Sch\u00f6neberg","publisher":{"@id":"https:\/\/www.zahnaerzte-am-nollendorfplatz.de\/practice\/#organization"},"potentialAction":[{"@type":"SearchAction","target":{"@type":"EntryPoint","urlTemplate":"https:\/\/www.zahnaerzte-am-nollendorfplatz.de\/practice\/?s={search_term_string}"},"query-input":"required name=search_term_string"}],"inLanguage":"de"},{"@type":"Organization","@id":"https:\/\/www.zahnaerzte-am-nollendorfplatz.de\/practice\/#organization","name":"Zahn\u00e4rzte am Nollendorfplatz","url":"https:\/\/www.zahnaerzte-am-nollendorfplatz.de\/practice\/","logo":{"@type":"ImageObject","inLanguage":"de","@id":"https:\/\/www.zahnaerzte-am-nollendorfplatz.de\/practice\/#\/schema\/logo\/image\/","url":"https:\/\/www.zahnaerzte-am-nollendorfplatz.de\/practice\/wp-content\/uploads\/Logo-solo.png","contentUrl":"https:\/\/www.zahnaerzte-am-nollendorfplatz.de\/practice\/wp-content\/uploads\/Logo-solo.png","width":630,"height":230,"caption":"Zahn\u00e4rzte am Nollendorfplatz"},"image":{"@id":"https:\/\/www.zahnaerzte-am-nollendorfplatz.de\/practice\/#\/schema\/logo\/image\/"}}]}},"_links":{"self":[{"href":"https:\/\/www.zahnaerzte-am-nollendorfplatz.de\/practice\/wp-json\/wp\/v2\/pages\/404"}],"collection":[{"href":"https:\/\/www.zahnaerzte-am-nollendorfplatz.de\/practice\/wp-json\/wp\/v2\/pages"}],"about":[{"href":"https:\/\/www.zahnaerzte-am-nollendorfplatz.de\/practice\/wp-json\/wp\/v2\/types\/page"}],"author":[{"embeddable":true,"href":"https:\/\/www.zahnaerzte-am-nollendorfplatz.de\/practice\/wp-json\/wp\/v2\/users\/1"}],"replies":[{"embeddable":true,"href":"https:\/\/www.zahnaerzte-am-nollendorfplatz.de\/practice\/wp-json\/wp\/v2\/comments?post=404"}],"version-history":[{"count":20,"href":"https:\/\/www.zahnaerzte-am-nollendorfplatz.de\/practice\/wp-json\/wp\/v2\/pages\/404\/revisions"}],"predecessor-version":[{"id":4469,"href":"https:\/\/www.zahnaerzte-am-nollendorfplatz.de\/practice\/wp-json\/wp\/v2\/pages\/404\/revisions\/4469"}],"up":[{"embeddable":true,"href":"https:\/\/www.zahnaerzte-am-nollendorfplatz.de\/practice\/wp-json\/wp\/v2\/pages\/21"}],"wp:attachment":[{"href":"https:\/\/www.zahnaerzte-am-nollendorfplatz.de\/practice\/wp-json\/wp\/v2\/media?parent=404"}],"curies":[{"name":"wp","href":"https:\/\/api.w.org\/{rel}","templated":true}]}}